s digit of 8/(38/a - -4)?
0
Let g be 124 - 3 - (-4 + 1). Let w = g - 73. What is the tens digit of w?
5
Let r(q) = q**2 - 6*q + 11. What is the units digit of r(-38)?
3
Let c = -407 + 804. What is the tens digit of c?
9
Let z = 22 + -21. Let j be -1*z/((-1)/(-3)). What is the tens digit of (-1)/((9/93)/j)?
3
Let k = -2041 + 3688. What is the units digit of k?
7
Let q = 53 - 54. What is the tens digit of 1/(-5) + ((-432)/10)/q?
4
Let r(v) = 3*v**3 + 3*v**2 + v + 3. Let i be 3*3/9 + 2 + 0. What is the units digit of r(i)?
4
Suppose -10 = -2*y - 3*y. Suppose 3*m - r + 6*r = 196, -3*m = -5*r - 176. Suppose y*q - 206 + m = 0. What is the units digit of q?
2
Let s(o) = -o**2 - 3*o - 3. Let b be s(-3). Let a be ((-9)/6)/(b/8). Suppose -a*f + 30 = -f. What is the units digit of f?
0
Let i(n) = 2*n**2 + 6*n - 61. What is the hundreds digit of i(19)?
7
Let j = 2054 - 260. What is the hundreds digit of j?
7
Suppose 67*k - 188 = 66*k. What is the tens digit of k?
8
Let x be 6*(-2 + 1)/1. Let m be (0 + 56/x)*-3. Suppose -2*k = 2*a - m - 0, -4*a + 37 = 3*k. What is the tens digit of k?
1
Let g(v) = -117*v - 50. What is the tens digit of g(-8)?
8
Let a = -88 + 59. Let m = a - -30. Let t(s) = 47*s**3 - 2*s**2 + 3*s - 1. What is the tens digit of t(m)?
4
Suppose -5*c = -6 - 14. Suppose -c*x + 721 = 3*x. What is the hundreds digit of x?
1
Let o = 163 - 110. Let n = o + 111. What is the hundreds digit of n?
1
Let h(g) be the third derivative of -g**4/24 - 6*g**2. What is the tens digit of h(-10)?
1
Suppose 61*i + 40600 = 90*i. What is the hundreds digit of i?
4
Suppose -n + 16 = 3*n. Suppose 5*u + 5*x - 375 = 0, -3*x = n*u - 5*x - 306. What is the tens digit of u?
7
Suppose 19*m + 4*m = 36409. What is the hundreds digit of m?
5
Suppose z + 2*p - 5*p = -7, 0 = 4*z - p - 5. Let g(q) = -2 - 5*q**z - 12*q + 0*q**2 - q**3 - 4*q**2 - 2*q**2. What is the tens digit of g(-10)?
1
What is the tens digit of (5 - -57) + (3 - 0)?
6
Let t be -4 + 3 - (-12 - 3). What is the units digit of 214/t - (-16)/(-56)?
5
Let v = 1986 + -1399. What is the units digit of v?
7
Let a be (6/2)/((-30)/740). Let x = 143 + a. What is the units digit of x?
9
Let l(j) be the third derivative of 2*j**5/15 - j**4/2 + 7*j**3/6 - 26*j**2 - j. What is the tens digit of l(-5)?
6
Let s(c) = -5*c + 926. What is the hundreds digit of s(0)?
9
Let y(q) = 2*q**2 - 11*q - 2. Let b be 1 - (-7 + 0/(-1)). What is the units digit of y(b)?
8
Suppose 2 = -2*t - 188. Let o = t + 237. What is the units digit of o?
2
What is the thousands digit of 1548/16*(-1972)/(-51)?
3
Suppose -t + 0*t = -5. Suppose -t = -w - 4. What is the units digit of 21*w*(-8 + 9)?
1
Let h(s) be the second derivative of 13*s**3/6 + 5*s**2/2 - 2*s. Let i be h(11). What is the tens digit of 4/6 - i/(-12)?
1
Let s = 1647 - 710. What is the units digit of s?
7
What is the tens digit of 68*(-1 + -5 - (-1965)/60)?
1
Suppose 7*v - 5*v = 0. What is the tens digit of (-2 + v - -2) + 10?
1
Let f be (0 + 1)*4 - -2. Let o = -2 + f. Suppose -5 = -i + o. What is the units digit of i?
9
Let r be 3 - (-40)/(-5)*1. Let t(h) be the first derivative of h**2/2 + 8*h + 3. What is the units digit of t(r)?
3
Suppose -v = -5 - 14. Suppose -g + 2*g - v = 0. What is the units digit of g?
9
Let a = -26 - -40. Suppose -4*y + 47 = -3*n, a = y + 2*y + 2*n. Let k = 50 - y. What is the units digit of k?
2
Let o(f) = 0*f**2 + 4*f**2 + 6 - 3*f**2 - 2*f**2 - 9*f. Let s = 0 - 8. What is the units digit of o(s)?
4
What is the tens digit of 26502/12 - 3 - (-2)/(-4)?
0
Suppose 2*i + 347 = l, 3*i = 5*l - l - 518. What is the units digit of i/(-4)*(6 - (4 + 0))?
7
What is the units digit of -4 + (-1 - -7) + 1227 + 0?
9
Let z(q) = -3*q + 29. Let n be z(9). Suppose n*j + 12 = 152. What is the tens digit of j?
7
Let n = 491 + -334. What is the hundreds digit of n?
1
Let i be 1/((-2)/(-16))*932/16. Suppose i = h + 128. What is the units digit of h?
8
Suppose 10227 = -13*f + 20*f. What is the units digit of f?
1
What is the hundreds digit of 106*200/48*12?
3
Let a = -257 - -403. What is the units digit of a?
6
Let f = 6 - 1. Let t be 9*4*5/60. Suppose 5*r = 15, -f*o = 6*r - t*r - 109. What is the units digit of o?
0
Let z = -22 - -13. Let i(y) = y**2 + 11*y + 21. Let s be i(z). Suppose -s*h = -5*o - 74, 0*o + 3*o - 90 = -3*h. What is the units digit of h?
8
Let d(h) = 13*h**2 + 27*h - 109. What is the units digit of d(6)?
1
Let u be (4/6)/(4/132). Let j = -16 + u. Suppose 0 = 2*a + j, 0 = n - a - 3*a - 42. What is the units digit of n?
0
What is the tens digit of 4/((48/(-300))/((-194)/5))?
7
Let n be 2/4 + 42/12. Suppose -n*r + 10*r + 6 = 0. What is the units digit of r/(-2 + (-27)/(-15))?
5
Suppose 3*m - 3 + 12 = 0. What is the units digit of -1 + m + 7 + 0?
3
Suppose 40 - 4 = -2*c. Let b be ((-5)/(35/(-21)))/((-9)/228). Let p = c - b. What is the units digit of p?
8
Let v(h) = h**3 + 12*h**2 - 2. Let o be v(-12). Let m be (5 + -3)/(o/32). Let x = -20 - m. What is the units digit of x?
2
Let k = 1126 - -1062. What is the thousands digit of k?
2
Let a = -78 + 147. Suppose 101 + 43 = 9*p. Suppose p*y - 19*y = -a. What is the units digit of y?
3
Let p = -117 + 523. What is the tens digit of p?
0
Suppose -5*c - 439 - 691 = 0. Let m = c - -394. What is the hundreds digit of m?
1
Suppose -x - 4*x = -10680. What is the thousands digit of x?
2
Let i be (1 - 3)/((-14)/63). Let g(m) = 14*m - 1. What is the tens digit of g(i)?
2
Let m = 171 - -824. What is the units digit of m?
5
Let v(h) = -148*h + 1. What is the hundreds digit of v(-4)?
5
Suppose -145*l + 95 = -144*l. Suppose -z + l = -5*c + 20, z + c = 93. What is the tens digit of z?
9
Suppose 5*i - 4*i = 4. Suppose -w + y - 3*y = -92, -i*w + 364 = 4*y. What is the tens digit of w?
9
Let r = -21 + -14. Let p = 66 + r. What is the units digit of p?
1
Let a(j) = -18*j - j**2 + 0*j - 7 - 6. Let w(z) = -z**2 + z - 13. Let o be w(0). What is the units digit of a(o)?
2
Suppose 19*v = 14*v - 340. Let m = v - -73. What is the units digit of m?
5
Let v(k) = -2*k**3 - 111*k**2 + 15*k + 15. What is the tens digit of v(-56)?
1
Let j(b) = -2*b + 69. What is the units digit of j(13)?
3
Let i = -297 - -154. Let y = -40 - i. What is the hundreds digit of y?
1
Let b(q) = q**2 + 2*q + 6. Let s be b(5). Let h = s + -136. Let u = h + 158. What is the units digit of u?
3
Suppose 3*h - 33 = -4*c - 6, -h = -5*c + 29. Suppose 3*w - 4*w = -c. Let z(n) = n**2 - n - 3. What is the tens digit of z(w)?
2
Let u(m) = -m**2 - 1. Let z(x) = x**3 + 18*x**2 - x + 40. Let h(t) = 6*u(t) + z(t). What is the units digit of h(-10)?
4
Let p(w) = 1 + 0 - w + 3 + 1. What is the units digit of p(-5)?
0
Suppose 5*x + 22 = 2*x + 2*q, 3*x - q + 17 = 0. What is the tens digit of (-60)/(1 - (-10)/x)?
4
Let n(k) = -k**3 - 12*k**2 - k + 48. What is the tens digit of n(-14)?
5
Let n(a) = -a**2 + 28*a + 2. What is the tens digit of n(12)?
9
Suppose 0*z = -3*z - 24. Let y(o) = o**2 + 10*o + 13. Let t be y(z). What is the tens digit of (-517)/(-22) - t/(-2)?
2
Suppose 23 = 5*n - 2*j + 101, -82 = 5*n + 2*j. Let h be (32/10)/(n/(-40)). Let a = 35 - h. What is the units digit of a?
7
Let x = 9 + -7. Let f = x + 2. Suppose -26 = f*s - 90. What is the tens digit of s?
1
Suppose -2*t = -3*f + 13, 4*f - 4*t - 20 = -0*f. Suppose 3*h = g + 21, -2*h - h + f*g = -15. What is the units digit of h?
8
What is the hundreds digit of 135/63*(-1078)/(-4)*2?
1
Suppose -64 = -3*w + 164. Let d = w - 4. Let p = -26 + d. What is the tens digit of p?
4
Let i be (-406)/(-84) - 2/(-12). Suppose 3*l - i*l = -34. Suppose -27 = -2*m + l. What is the tens digit of m?
2
Suppose -2 = -3*m + 1. Suppose 4*d - 5*d = -m. What is the tens digit of (-1 + 82)*d/3?
2
Let h(g) = -g**2 + 8*g. Let b be h(8). Suppose -2*j + 3*w - 1 = -6*j, b = 2*j + 4*w - 8. What is the units digit of 0 - -3 - 44/j?
5
Suppose n - 641 = -30*f + 26*f, -3*n + 3*f = -1953. What is the tens digit of n?
4
Let z = 17 + -83. Let i = z + 98. What is the tens digit of 3/(-2 + -1) + i?
3
Let a(r) = -2*r + 137. What is the tens digit of a(33)?
7
Let p(m) = 16*m**2 + 1. What is the tens digit of p(2)?
6
Let y(i) = 2*i**2 - 16*i + 50. What is the units digit of y(5)?
0
Let i = -27 + 22. What is the units digit of (24/i)/(4/(-70))?
4
Suppose -4*u = 4*v + 196, u - 139